**3 + 3*v**2 + 14*v - 18. What is t(7)?
-116
Let f(i) = i**3 + 11*i**2 + 10*i - 18. Give f(-10).
-18
Let m(l) = 25*l - 1344. Give m(54).
6
Let q(v) = 148*v + 3544. Give q(-24).
-8
Let h(z) = -292*z + 15440. Calculate h(53).
-36
Let u(o) = 2*o**3 - 7*o**2 - 65*o + 265. Give u(4).
21
Let j(y) = -y**2 - 86*y + 964. Determine j(-91).
509
Let h(i) = -176*i**2 + 532*i - 11. Give h(3).
1
Let z(u) = 3*u**3 + 53*u**2 - 12*u + 116. What is z(-18)?
8
Let c(u) = 37*u + 2036. Calculate c(-55).
1
Let f(h) = h**2 - 50*h - 155. What is f(53)?
4
Let y(d) = -99*d - 1757. Calculate y(-19).
124
Let n(c) = -140*c**2 + 2100*c + 7. Determine n(15).
7
Let h(p) = -p**3 + 12*p**2 + 9*p - 261. Give h(7).
47
Let g(j) = 16*j - 921. What is g(0)?
-921
Let k(a) = a**3 + 87*a**2 + 173*a + 249. Determine k(-85).
-6
Let l(n) = 16*n**2 - 36*n + 2. Calculate l(4).
114
Let v(d) = d**3 - 15*d**2 + 5*d - 20. Give v(7).
-377
Let z(k) = -k**3 + 30*k**2 - 217*k - 44. Calculate z(13).
8
Let g(t) = t**3 - 8*t**2 + 9*t - 11. Give g(3).
-29
Let v(o) = -68*o - 2046. Determine v(-29).
-74
Let m(l) = 22002*l - 286020. Give m(13).
6
Let t(n) = 15*n**2 + 303*n + 49. Give t(-20).
-11
Let l(v) = v**3 + 4*v**2 + 1021*v + 5125. What is l(-5)?
-5
Let a(p) = -16*p**2 + 113*p + 12. Calculate a(10).
-458
Let s(x) = -298*x - 11939. Calculate s(-40).
-19
Let s(z) = 92*z**2 - 8371*z - 66. Calculate s(91).
25
Let n(p) = -5*p**2 - 6*p - 17. What is n(-3)?
-44
Let i(m) = -18*m - 183. Calculate i(-6).
-75
Let k(d) = -d**3 + 12*d**2 - 19*d - 5. What is k(11)?
-93
Let v(m) = 8203*m - 57420. Calculate v(7).
1
Let n(v) = -194*v + 4628. Calculate n(24).
-28
Let y(z) = -z**2 + 301*z - 22407. Determine y(135).
3
Let r(z) = -2*z**3 - 34*z**2 - 49*z - 308. Give r(-16).
-36
Let r(t) = 3*t - 1. What is r(-1)?
-4
Let f(k) = 9*k - 148. Determine f(12).
-40
Let w(o) = -o**3 + 64*o**2 - 67*o + 249. What is w(63)?
-3
Let y(p) = 2*p**3 + 11*p**2 + 8*p - 13. Determine y(-5).
-28
Let g(h) = -h**2 - 65*h - 444. Calculate g(0).
-444
Let a(z) = 2*z**3 - 54*z**2 - 650*z - 13. Give a(-9).
5
Let z(k) = -k**2 - 573*k - 4533. Calculate z(-8).
-13
Let a(z) = z**3 - 12*z**2 + 18*z - 86. Calculate a(11).
-9
Let u(y) = -68*y**2 - 949*y + 30. Give u(-14).
-12
Let j(d) = -d**3 - 6*d**2 + 88*d - 2. Calculate j(-12).
-194
Let p(k) = 6*k**2 + 427*k - 449. What is p(-72)?
-89
Let w(l) = -l**2 + 101*l - 1292. Give w(15).
-2
Let p(n) = 20*n + 158. Determine p(-15).
-142
Let h(p) = 472*p - 6137. Determine h(13).
-1
Let o(g) = -114*g - 25054. Calculate o(-220).
26
Let y(c) = 18*c**3 - 2*c**2 - 11*c - 8. What is y(-1)?
-17
Let z(o) = 5*o**2 + 57*o + 26. Determine z(-10).
-44
Let q(z) = -4*z**2 - 162*z - 511. Determine q(-37).
7
Let u(a) = -a**2 - 1415*a + 9974. Calculate u(7).
20
Let q(r) = r**2 - 78*r + 1073. Give q(60).
-7
Let m(i) = -5*i**2 + 168*i - 84. Determine m(33).
15
Let x(f) = 3025*f**2 - 15126*f + 8. Determine x(5).
3
Let y(q) = q**3 + 7*q**2 - 66*q + 5. What is y(-11)?
247
Let b(h) = -3*h**2 + 119*h + 1581. Calculate b(50).
31
Let m(u) = -u**3 - 27*u**2 - 49*u - 26. Determine m(-25).
-51
Let f(d) = -1403*d + 7021. Give f(5).
6
Let w(f) = 387*f + 4321. Determine w(-10).
451
Let b(j) = j - 7. What is b(1)?
-6
Let l(c) = 408*c - 826. Determine l(2).
-10
Let q(a) = 2*a**2 - 25*a + 354. What is q(10)?
304
Let v(o) = -112*o**2 + 892*o + 24. What is v(8)?
-8
Let f(n) = n**2 - 653*n - 4511. Give f(-7).
109
Let j(b) = 3*b + 85. Determine j(-46).
-53
Let u(x) = 151*x - 1099. Determine u(7).
-42
Let b(c) = -3*c**2 - 22*c - 43. Determine b(0).
-43
Let u(c) = 75*c + 457. What is u(-5)?
82
Let f(c) = 66*c - 362. Calculate f(6).
34
Let g(k) = -2*k**3 - k**2 + 100*k + 100. Give g(-1).
1
Let l(q) = 81*q + 990. Determine l(-15).
-225
Let w(j) = -j**2 + 23*j - 110. Calculate w(21).
-68
Let u(w) = w**2 - 110*w - 4205. Calculate u(-30).
-5
Let b(o) = -o**3 + 20*o**2 - 28*o + 1575. Determine b(22).
-9
Let w(g) = 10*g**2 + 274*g + 63. Give w(-26).
-301
Let p(u) = -u**3 + 113*u**2 - 939*u + 326. What is p(104)?
14
Let h(t) = -16*t - 327. Determine h(-24).
57
Let a(g) = 185*g - 7221. What is a(39)?
-6
Let x(v) = -193*v - 15247. Determine x(-79).
0
Let h(a) = 28*a + 24. Give h(-6).
-144
Let z(q) = -q**3 + 227*q**2 + 1163*q - 688. Give z(232).
8
Let c(d) = -2*d**3 - 14*d**2 + 156*d + 27. What is c(-13)?
27
Let t(z) = 25*z**2 - 1649*z - 77. Give t(66).
-11
Let a(l) = 2694*l - 29634. What is a(11)?
0
Let c(r) = -3*r**2 + 58*r - 146. Determine c(16).
14
Let h(q) = 1306*q - 10512. What is h(8)?
-64
Let b(j) = j**2 - 51*j + 56. Determine b(51).
56
Let g(p) = -p**3 - 86*p**2 + 136*p + 18784. Determine g(-85).
-1
Let m(c) = 65*c + 892. What is m(-13)?
47
Let w(p) = -11*p + 739. Determine w(67).
2
Let z(l) = -3*l**2 - 148*l + 32. What is z(-50)?
-68
Let p(z) = -z**2 + 28*z - 2. Determine p(0).
-2
Let k(v) = 102*v - 11110. Determine k(110).
110
Let z(l) = 13*l**2 + 49*l - 11. Calculate z(-4).
1
Let q(h) = -h**2 + 128*h + 6724. Determine q(168).
4
Let k(o) = -3*o**2 + 10*o + 106. Determine k(8).
-6
Let b(r) = 379*r + 3745. What is b(-10)?
-45
Let a(w) = -2*w**3 - 3*w**2 + 14*w - 24. Give a(3).
-63
Let r(w) = 139*w + 97. Calculate r(-1).
-42
Let s(r) = 5*r**2 - 92*r + 89. Determine s(1).
2
Let b(k) = -2*k**3 + 48*k**2 - 54*k + 87. Determine b(23).
-97
Let k(n) = -4*n**3 + 13*n**2 + 3. Determine k(5).
-172
Let g(t) = -t**3 - 117*t**2 - 578*t - 2027. What is g(-112)?
-11
Let f(z) = 3*z**3 + 8*z**2 + 23*z + 44. Give f(-3).
-34
Let m(j) = -5*j**2 + 64*j + 61. Calculate m(11).
160
Let s(b) = -b**3 - 67*b**2 - 71*b - 350. Calculate s(-66).
-20
Let i(b) = -b**3 + 2*b**2 + 152*b + 97. Calculate i(-11).
-2
Let n(w) = w**2 + 36*w - 468. Determine n(-46).
-8
Let g(t) = 52*t + 160. Determine g(-3).
4
Let m(r) = -r**3 + 104*r**2 - 172*r + 7124. Determine m(103).
17
Let x(o) = o**2 + 35*o + 155. Calculate x(-28).
-41
Let j(s) = 4*s**2 - 23*s + 17. Give j(8).
89
Let s(q) = -q**2 - 55*q - 538. Calculate s(-24).
206
Let d(u) = -5*u**3 - 31*u**2 + 16*u + 130. Determine d(-6).
-2
Let v(z) = 4422*z + 8844. Give v(-2).
0
Let r(g) = g**3 - 8*g**2 - 18*g + 34. Give r(11).
199
Let f(v) = 3*v**2 - 105*v + 149. What is f(34)?
47
Let w(u) = -u**2 - 894*u + 59262. What is w(62)?
-10
Let f(k) = -1022*k + 11256. Give f(11).
14
Let f(t) = 10*t**3 + 417*t**2 - 130*t - 154. Give f(-42).
14
Let i(j) = 37*j**3 - j**2 + 52*j - 173. Give i(3).
973
Let c(x) = x**3 - 60*x**2 - 31*x - 5751. Give c(62).
15
Let n(z) = 151*z**3 - 6*z**2 - 71*z - 64. Give n(-1).
-150
Let z(o) = -5*o**2 + 99*o + 702. Determine z(-7).
-236
Let b(y) = 5*y**2 + 212*y - 5841. Give b(19).
-8
Let q(o) = -3*o**2 + 57*o - 57. What is q(1)?
-3
Let y(q) = -q**3 - 18*q**2 - 88*q - 2555. Give y(-20).
5
Let n(x) = 4*x**3 + 106*x**2 + 48*x + 33. Determine n(-26).
137
Let a(o) = -2*o**2 - 85*o + 1078. Give a(-53).
-35
Let y(p) = 81*p + 16264. What is y(-201)?
-17
Let i(o) = -73*o + 2394. Determine i(35).
-161
Let t(m) = 2*m**2 - 53*m - 217. Give t(30).
-7
Let q(p) = 8*p - 230. What is q(28)?
-6
Let u(p) = 68*p + 697. What is u(-7)?
221
Let k(q) = -7*q**2 + 970*q - 557. Give k(138).
-5
Let d(j) = -50*j**2 + 7*j + 9. Give d(-2).
-205
Let a(o) = o**3 - 8*o**2 - 2*o + 13. Calculate a(3).
-38
Let w(i) = 2*i**3 + 6*i**2 - 28*i - 7. Give w(3).
17
Let z(s) = -11*s + 199. Calculate z(20).
-21
Let q(i) = -2*i**3 + 111*i**2 + 58*i - 107. Give q(56).
5
Let r(k) = 3*k**3 - 26*k**2 + 22*k - 47. Determine r(8).
1
Let s(u) = u**3 - 74*u**2 - 75*u - 9. What is s(75)?
-9
Let k(o) = o**3 - 57*o**2 - 243*o - 80. Determine k(61).
-19
Let d(j) = 2*j**2 - 8*j - 255. Give d(-10).
25
Let b(h) = -198*h + 6918. Calculate b(35).
-12
Let d(l) = -l**2 - 26*l - 114. Determine d(-4).
-26
Let q(h) = 11*h**2 + 327*h - 259. What is q(-30)?
-169
Let y(s) = 25*s - 157. Determine y(6).
-7
Let v(c) = -149*c + 2106. What is v(14)?
20
Let b(k) = -k**3 - 8*k**2 - 4*k - 28. Calculate b(-8).
4
Let i(y) = -y**2 + 281*y - 13731. What is i(63)?
3
Let v(k) = -5*k**2 + 60*k - 55. Determine v(18).
-595
Let t(r) = 2*r**3 - r**2 - 7*r + 9. What is t(0)?
9
Let p(x) = -5*x**2 - 53*x + 126. Calculate p(-12).
42
Let g(f) = -f**3 + 9*f**2 - 20*f + 10. What is g(5)?
10
Let m(b) = -384*b - 23042. Calculate m(-60).
-2
Let f(j) = -j**2 + 7*j + 19. What is f(-3)?
-11
Let i(v) = v**3 + 15*v**2 + 21*v + 23.